{"id":5703,"date":"2021-12-02T23:02:58","date_gmt":"2021-12-02T23:02:58","guid":{"rendered":"https:\/\/web.eneo.unam.mx\/?page_id=5703"},"modified":"2026-01-08T21:55:11","modified_gmt":"2026-01-08T21:55:11","slug":"formatos-titulacion","status":"publish","type":"page","link":"https:\/\/www.feno.unam.mx\/index.php\/escolares\/formatos-titulacion\/","title":{"rendered":"Formatos de titulaci\u00f3n enfermer\u00eda"},"content":{"rendered":"<p>[vc_section][vc_row][vc_column][\/vc_column][\/vc_row][\/vc_section][vc_section][vc_row][vc_column][vc_empty_space height=&#8221;100px&#8221;][\/vc_column][\/vc_row][vc_row][vc_column][vc_column_text]<\/p>\n<p style=\"text-align: justify; font-size: 20px; font-family: Roboto;\"><strong>ANTES DE LLENAR LOS FORMATOS LEA LAS INSTRUCCIONES<\/strong><\/p>\n<p style=\"text-align: justify; font-size: 18px; font-family: Roboto;\">Los tr\u00e1mites y la entrega correcta de la documentaci\u00f3n son su responsabilidad. En la presente p\u00e1gina web se encuentran los formatos que deber\u00e1 llenar e imprimir para su entrega en las ventanillas de servicios escolares FENO con horario de atenci\u00f3n de 9:00 a 13:30 hrs. y de 15:00 a 18:00 hrs. de lunes a viernes.<\/p>\n<p>[\/vc_column_text][\/vc_column][\/vc_row][vc_row][vc_column][vc_column_text]<\/p>\n<h5>Instrucciones:<\/h5>\n<ul>\n<li>Ignore el mensaje del portapapeles.<\/li>\n<li>No deje ning\u00fan campo vac\u00edo, si alguno no aplica ponga un punto o un espacio en blanco.<\/li>\n<li>Una vez que ha capturado sus datos en pantalla, en la parte inferior presione el bot\u00f3n ENVIAR.<\/li>\n<li>En la parte inferior de la pantalla presione el bot\u00f3n IMPRIMIR COMPROBANTE.<\/li>\n<li>Impresi\u00f3n en hoja tama\u00f1o carta, salvo que se indique lo contrario<\/li>\n<\/ul>\n<p>[\/vc_column_text][\/vc_column][\/vc_row][vc_row][vc_column][vc_tta_accordion color=&#8221;turquoise&#8221; active_section=&#8221;non-existing number&#8221; collapsible_all=&#8221;true&#8221;][vc_tta_section title=&#8221;1. Forma E1 Solicitud para tr\u00e1mite de titulaci\u00f3n y certificado de estudios completos.&#8221; tab_id=&#8221;1638486640627-5036ca52-0b25&#8243;][vc_column_text]<a href=\"https:\/\/www.feno.unam.mx\/titulacion\/dgaesolicitud.htm\" target=\"_blank\" rel=\"noopener\">Solicitud para tr\u00e1mite de titulaci\u00f3n y certificado de estudios completos.\u00a0<\/a><\/p>\n<p><strong> (El formato se imprimir\u00e1 en dos hojas tama\u00f1o carta en anverso y reverso)<\/strong>[\/vc_column_text][\/vc_tta_section][vc_tta_section title=&#8221;2. Forma E2 Solicitud de elaboraci\u00f3n del t\u00edtulo&#8221; tab_id=&#8221;1638486640647-b2080b22-e1bd&#8221;][vc_column_text]Imprima este formato, l\u00e9alo cuidadosamente. Su llenado es a mano con letra de molde<\/p>\n<p>Descarga <a href=\"https:\/\/web.eneo.unam.mx\/wp-content\/uploads\/2021\/12\/SolicitudTitulo.pdf\" target=\"_blank\" rel=\"noopener\">aqu\u00ed<\/a>[\/vc_column_text][\/vc_tta_section][vc_tta_section title=&#8221;3. Forma E3 Solicitud de autorizaci\u00f3n de examen profesional&#8221; tab_id=&#8221;1638486931865-b11a56d3-c980&#8243;][vc_column_text]<a href=\"https:\/\/www.feno.unam.mx\/titulacion\/solicitudepac.html\" target=\"_blank\" rel=\"noopener\">Solicitud de autorizaci\u00f3n de examen profesional.<\/a>[\/vc_column_text][\/vc_tta_section][vc_tta_section title=&#8221;4. Forma E4 Solicitud de titulaci\u00f3n. Solicitud EPAC&#8221; tab_id=&#8221;1638487078119-dcdde7ac-7e1b&#8221;][vc_column_text]<a href=\"https:\/\/www.feno.unam.mx\/titulacion\/solicitudtitulacion.html\" target=\"_blank\" rel=\"noopener\">Solicitud de titulaci\u00f3n. Solicitud EPAC.\u00a0<\/a>[\/vc_column_text][\/vc_tta_section][vc_tta_section title=&#8221;5. Forma E5 Formato de actualizaci\u00f3n de datos en el programa de vinculaci\u00f3n con los alumnos.&#8221; tab_id=&#8221;1638487168434-a013296f-5153&#8243;][vc_column_text]<a href=\"https:\/\/www.feno.unam.mx\/titulacion\/vinculacion.html\" target=\"_blank\" rel=\"noopener\">Formato de actualizaci\u00f3n de datos en el programa de vinculaci\u00f3n con los alumnos.<\/a>[\/vc_column_text][\/vc_tta_section][\/vc_tta_accordion][\/vc_column][\/vc_row][vc_row][vc_column][vc_btn title=&#8221;Te puede interesar Examen Profesional por \u00c1reas del Conocimiento &#8220;EPAC&#8220;. &#8221; color=&#8221;blue&#8221; size=&#8221;lg&#8221; align=&#8221;center&#8221; css_animation=&#8221;fadeInLeftBig&#8221; button_block=&#8221;true&#8221; link=&#8221;url:http%3A%2F%2Fisis.eneo.unam.mx%2Fepac%2F|title:EPAC||&#8221;][vc_empty_space height=&#8221;100px&#8221;][vc_row_inner][vc_column_inner][vc_column_text]<\/p>\n<p style=\"text-align: right;\"><a href=\"https:\/\/www.feno.unam.mx\/index.php\/proceso-de-titulacion\/\"><em>Relacionado: Proceso de titulaci\u00f3n<\/em><\/a> | <a title=\"EPAC\" href=\"http:\/\/isis.eneo.unam.mx\/epac\/\"><em>EPAC Examen Profesional por \u00c1reas del Conocimiento<\/em><\/a><\/p>\n<p>[\/vc_column_text][\/vc_column_inner][\/vc_row_inner][\/vc_column][\/vc_row][\/vc_section][vc_row][vc_column][vc_column_text]<\/p>\n<p>[\/vc_column_text][\/vc_column][\/vc_row]<\/p>\n","protected":false},"excerpt":{"rendered":"<p>[vc_section][vc_row][vc_column][\/vc_column][\/vc_row][\/vc_section][vc_section][vc_row][vc_column][vc_empty_space height=&#8221;100px&#8221;][\/vc_column][\/vc_row][vc_row][vc_column][vc_column_text] ANTES DE LLENAR LOS FORMATOS LEA LAS INSTRUCCIONES Los tr\u00e1mites y la entrega correcta de la documentaci\u00f3n son su responsabilidad. En la presente &hellip; <\/p>\n","protected":false},"author":1,"featured_media":0,"parent":5684,"menu_order":0,"comment_status":"closed","ping_status":"closed","template":"","meta":{"footnotes":""},"class_list":["post-5703","page","type-page","status-publish","hentry","latest_post"],"aioseo_notices":[],"publishpress_future_action":{"enabled":false,"date":"2026-04-15 23:13:39","action":"change-status","newStatus":"draft","terms":[],"taxonomy":"","extraData":[]},"publishpress_future_workflow_manual_trigger":{"enabledWorkflows":[]},"_links":{"self":[{"href":"https:\/\/www.feno.unam.mx\/index.php\/wp-json\/wp\/v2\/pages\/5703","targetHints":{"allow":["GET"]}}],"collection":[{"href":"https:\/\/www.feno.unam.mx\/index.php\/wp-json\/wp\/v2\/pages"}],"about":[{"href":"https:\/\/www.feno.unam.mx\/index.php\/wp-json\/wp\/v2\/types\/page"}],"author":[{"embeddable":true,"href":"https:\/\/www.feno.unam.mx\/index.php\/wp-json\/wp\/v2\/users\/1"}],"replies":[{"embeddable":true,"href":"https:\/\/www.feno.unam.mx\/index.php\/wp-json\/wp\/v2\/comments?post=5703"}],"version-history":[{"count":18,"href":"https:\/\/www.feno.unam.mx\/index.php\/wp-json\/wp\/v2\/pages\/5703\/revisions"}],"predecessor-version":[{"id":16231,"href":"https:\/\/www.feno.unam.mx\/index.php\/wp-json\/wp\/v2\/pages\/5703\/revisions\/16231"}],"up":[{"embeddable":true,"href":"https:\/\/www.feno.unam.mx\/index.php\/wp-json\/wp\/v2\/pages\/5684"}],"wp:attachment":[{"href":"https:\/\/www.feno.unam.mx\/index.php\/wp-json\/wp\/v2\/media?parent=5703"}],"curies":[{"name":"wp","href":"https:\/\/api.w.org\/{rel}","templated":true}]}}