{"id":5246,"date":"2021-11-23T04:41:36","date_gmt":"2021-11-23T04:41:36","guid":{"rendered":"https:\/\/web.eneo.unam.mx\/?page_id=5246"},"modified":"2021-11-23T05:42:14","modified_gmt":"2021-11-23T05:42:14","slug":"bases-de-datos","status":"publish","type":"page","link":"https:\/\/www.feno.unam.mx\/index.php\/biblioteca\/bases-de-datos\/","title":{"rendered":"Base de datos de inter\u00e9s"},"content":{"rendered":"<p>[vc_section][vc_row][vc_column][vc_custom_heading text=&#8221;Biblioteca &#8220;Graciela Arroyo de Cordero&#8220;&#8221; font_container=&#8221;tag:h2|text_align:center&#8221; google_fonts=&#8221;font_family:Roboto%3A100%2C100italic%2C300%2C300italic%2Cregular%2Citalic%2C500%2C500italic%2C700%2C700italic%2C900%2C900italic|font_style:500%20bold%20regular%3A500%3Anormal&#8221;][vc_column_text]<\/p>\n<div><\/div>\n<p>[\/vc_column_text][\/vc_column][\/vc_row][vc_row][vc_column][vc_empty_space][vc_row_inner][vc_column_inner][vc_column_text]En este espacio puedes acceder a algunas colecciones digitales que se han seleccionado para el \u00e1rea de enfermer\u00eda, administrada por la Direcci\u00f3n General de Biblioteca, recuerda que necesitas contar con cuenta de acceso remoto. Otras bases son de acceso libre y no pertenecen a la universidad.[\/vc_column_text][\/vc_column_inner][\/vc_row_inner][vc_empty_space][vc_row_inner][vc_column_inner width=&#8221;1\/3&#8243;][vc_single_image image=&#8221;5249&#8243; img_size=&#8221;large&#8221; onclick=&#8221;custom_link&#8221; img_link_target=&#8221;_blank&#8221; css_animation=&#8221;none&#8221; link=&#8221;https:\/\/web-p-ebscohost-com.pbidi.unam.mx:2443\/nrc\/search?vid=1&#038;sid=d6d5b352-9f21-43e2-9c0b-f724c01269c2%40redis&#8221; el_class=&#8221;hvr-push&#8221;][\/vc_column_inner][vc_column_inner width=&#8221;1\/3&#8243;][vc_single_image image=&#8221;5250&#8243; img_size=&#8221;large&#8221; onclick=&#8221;custom_link&#8221; img_link_target=&#8221;_blank&#8221; css_animation=&#8221;none&#8221; link=&#8221;https:\/\/www-enferteca-com.pbidi.unam.mx:2443\/&#8221; el_class=&#8221;hvr-push&#8221;][\/vc_column_inner][vc_column_inner width=&#8221;1\/3&#8243;][vc_single_image image=&#8221;5251&#8243; img_size=&#8221;large&#8221; onclick=&#8221;custom_link&#8221; img_link_target=&#8221;_blank&#8221; css_animation=&#8221;none&#8221; link=&#8221;https:\/\/www2-scopus-com.pbidi.unam.mx:2443\/search\/form.uri?display=basic#basic&#8221; el_class=&#8221;hvr-push&#8221;][\/vc_column_inner][\/vc_row_inner][vc_row_inner][vc_column_inner width=&#8221;1\/3&#8243; css=&#8221;.vc_custom_1631083265349{margin-top: 0px !important;margin-right: -10px !important;margin-left: -10px !important;}&#8221;][vc_column_text css_animation=&#8221;fadeIn&#8221;]<\/p>\n<p style=\"text-align: justify; font-size: 14px; font-family: Roboto;\">Base de datos en donde se localiza informaci\u00f3n sobre enfermedades, t\u00e9cnicas y procedimientos, medicamentos, basada en evidencia cl\u00ednica reciente. Incluye ilustraciones y referencias. Versiones en ingl\u00e9s o espa\u00f1ol.<\/p>\n<p>[\/vc_column_text][\/vc_column_inner][vc_column_inner width=&#8221;1\/3&#8243; css=&#8221;.vc_custom_1631083273336{margin-top: 0px !important;margin-right: -10px !important;margin-left: -10px !important;}&#8221;][vc_column_text css_animation=&#8221;fadeIn&#8221;]<\/p>\n<p style=\"text-align: justify; font-size: 14px; font-family: Roboto;\">Recupera documentos en texto completo. Contiene revistas, libros, atlas, diccionarios. Se pueden localizar \u00e1reas como: medicoquir\u00fargico, cuidados intensivos, urgencias, salud p\u00fablica, APS, enfermer\u00eda comunitaria. Tambi\u00e9n puedes localizar algunos v\u00eddeos de procedimientos.<\/p>\n<p>[\/vc_column_text][\/vc_column_inner][vc_column_inner width=&#8221;1\/3&#8243; css=&#8221;.vc_custom_1631083281459{margin-top: -0px !important;margin-right: -10px !important;margin-left: -10px !important;}&#8221;][vc_column_text css_animation=&#8221;fadeIn&#8221;]<\/p>\n<p style=\"text-align: justify; font-size: 14px; font-family: Roboto;\">Recupera art\u00edculos a texto completo de revistas cient\u00edficas o series de libros, actas de congresos relacionadas con las ciencias m\u00e9dicas.<\/p>\n<p>[\/vc_column_text][\/vc_column_inner][\/vc_row_inner][\/vc_column][\/vc_row][vc_row][vc_column][vc_empty_space][vc_row_inner][vc_column_inner width=&#8221;1\/3&#8243;][vc_single_image image=&#8221;5252&#8243; img_size=&#8221;large&#8221; onclick=&#8221;custom_link&#8221; img_link_target=&#8221;_blank&#8221; css_animation=&#8221;none&#8221; link=&#8221;https:\/\/www.proquest.com\/medline\/health\/fromDatabasesLayer\/embedded\/J2QZVY3ZNECW95SG?accountid=14598&#8243; el_class=&#8221;hvr-push&#8221;][\/vc_column_inner][vc_column_inner width=&#8221;1\/3&#8243;][vc_single_image image=&#8221;5253&#8243; img_size=&#8221;large&#8221; onclick=&#8221;custom_link&#8221; img_link_target=&#8221;_blank&#8221; css_animation=&#8221;none&#8221; link=&#8221;https:\/\/pubmed-ncbi-nlm-nih-gov.pbidi.unam.mx:2443\/&#8221; el_class=&#8221;hvr-push&#8221;][\/vc_column_inner][vc_column_inner width=&#8221;1\/3&#8243;][vc_single_image image=&#8221;5254&#8243; img_size=&#8221;large&#8221; onclick=&#8221;custom_link&#8221; img_link_target=&#8221;_blank&#8221; css_animation=&#8221;none&#8221; link=&#8221;https:\/\/web-s-ebscohost-com.pbidi.unam.mx:2443\/ehost\/search\/basic?vid=0&#038;sid=3c8117bd-6d43-4c31-b291-843f5eaf9ff7%40redis&#8221; el_class=&#8221;hvr-push&#8221;][\/vc_column_inner][\/vc_row_inner][vc_row_inner][vc_column_inner width=&#8221;1\/3&#8243; css=&#8221;.vc_custom_1631083281459{margin-top: -0px !important;margin-right: -10px !important;margin-left: -10px !important;}&#8221;][vc_column_text css_animation=&#8221;fadeIn&#8221; css=&#8221;.vc_custom_1637644680720{margin-top: 0px !important;margin-right: -10px !important;margin-left: -10px !important;}&#8221;]<\/p>\n<p style=\"text-align: justify; font-size: 14px; font-family: Roboto;\">Encontrar\u00e1s art\u00edculos a texto completo de revistas cient\u00edficas y libros relacionados con el \u00e1rea cl\u00ednica y biom\u00e9dica.<\/p>\n<p>[\/vc_column_text][\/vc_column_inner][vc_column_inner width=&#8221;1\/3&#8243; css=&#8221;.vc_custom_1631083265349{margin-top: 0px !important;margin-right: -10px !important;margin-left: -10px !important;}&#8221;][vc_column_text css_animation=&#8221;fadeIn&#8221;]<\/p>\n<p style=\"text-align: justify; font-size: 14px; font-family: Roboto;\">Recupera art\u00edculos cient\u00edficos de temas relacionados con el \u00e1rea de las ciencias de la salud, con enfermer\u00eda y la pr\u00e1ctica cl\u00ednica, as\u00ed como de investigaci\u00f3n, entre otros. En idioma ingl\u00e9s.<\/p>\n<p>[\/vc_column_text][\/vc_column_inner][vc_column_inner width=&#8221;1\/3&#8243; css=&#8221;.vc_custom_1631083273336{margin-top: 0px !important;margin-right: -10px !important;margin-left: -10px !important;}&#8221;][vc_column_text css_animation=&#8221;fadeIn&#8221;]<\/p>\n<p style=\"text-align: justify; font-size: 14px; font-family: Roboto;\">(Cumulative Index to Nursing &amp; Allied Health Literature)<br \/>\nEs una base de datos que permite la identificaci\u00f3n de art\u00edculos de revistas cient\u00edficas o libros a texto completo, sobre tem\u00e1ticas relacionadas con enfermer\u00eda, fisioterapia y terapia ocupacional. Se puede encontrar t\u00edtulos de revistas como: Metas de Enfermer\u00eda, Revista Electr\u00f3nica de Enfermagem, Nutrici\u00f3n Hospitalaria, Revista Panamericana de Salud P\u00fablica y muchas m\u00e1s.<\/p>\n<p>[\/vc_column_text][\/vc_column_inner][\/vc_row_inner][\/vc_column][\/vc_row][vc_row][vc_column][vc_empty_space][vc_row_inner][vc_column_inner width=&#8221;1\/4&#8243;][vc_single_image image=&#8221;5255&#8243; img_size=&#8221;large&#8221; onclick=&#8221;custom_link&#8221; img_link_target=&#8221;_blank&#8221; css_animation=&#8221;none&#8221; link=&#8221;http:\/\/cenetec-difusion.com\/gpc-sns\/&#8221; el_class=&#8221;hvr-push&#8221;][\/vc_column_inner][vc_column_inner width=&#8221;1\/4&#8243;][vc_single_image image=&#8221;5258&#8243; img_size=&#8221;large&#8221; onclick=&#8221;custom_link&#8221; img_link_target=&#8221;_blank&#8221; css_animation=&#8221;none&#8221; link=&#8221;https:\/\/www.who.int\/es&#8221; el_class=&#8221;hvr-push&#8221;][\/vc_column_inner][vc_column_inner width=&#8221;1\/4&#8243;][vc_single_image image=&#8221;5256&#8243; img_size=&#8221;large&#8221; onclick=&#8221;custom_link&#8221; img_link_target=&#8221;_blank&#8221; css_animation=&#8221;none&#8221; link=&#8221;https:\/\/www.paho.org\/es&#8221; el_class=&#8221;hvr-push&#8221;][\/vc_column_inner][vc_column_inner width=&#8221;1\/4&#8243;][vc_single_image image=&#8221;5257&#8243; img_size=&#8221;large&#8221; onclick=&#8221;custom_link&#8221; img_link_target=&#8221;_blank&#8221; css_animation=&#8221;none&#8221; link=&#8221;https:\/\/www.inegi.org.mx\/default.html&#8221; el_class=&#8221;hvr-push&#8221;][\/vc_column_inner][\/vc_row_inner][vc_row_inner][vc_column_inner width=&#8221;1\/4&#8243;][vc_column_text css_animation=&#8221;fadeIn&#8221;]<\/p>\n<p style=\"text-align: justify; font-size: 14px; font-family: Roboto;\">Cat\u00e1logo Maestro &#8211; Gu\u00edas de Pr\u00e1ctica Cl\u00ednicaEn esta p\u00e1gina del Centro Nacional de Excelencia Tecnol\u00f3gica en Salud (CENETEC) se localizan las gu\u00edas de pr\u00e1ctica cl\u00ednica vigentes, son una herramienta de referencia en la toma de decisiones en salud, ya que proporcionan recomendaciones basadas en evidencia cient\u00edfica.<\/p>\n<p>[\/vc_column_text][\/vc_column_inner][vc_column_inner width=&#8221;1\/4&#8243; css=&#8221;.vc_custom_1631083265349{margin-top: 0px !important;margin-right: -10px !important;margin-left: -10px !important;}&#8221;][vc_column_text css_animation=&#8221;fadeIn&#8221;]<\/p>\n<p style=\"text-align: justify; font-size: 14px; font-family: Roboto;\">La organizaci\u00f3n Panamericana de la Salud (OPS) es internacional y se especializa en la salud p\u00fablica de las Am\u00e9ricas. En su sitio podr\u00e1s consultar temas relacionados con la salud, alertas y actualizaciones epidemiol\u00f3gicas, algunas herramientas como: Biblioteca Digital OPS, Biblioteca Virtual en Salud, Campus Virtual de Salud P\u00fablica. Tambi\u00e9n encontrar\u00e1s folletos, infograf\u00edas y a trav\u00e9s del sitio puedes ingresar a la Revista Panamericana de Salud P\u00fablica y a varios cursos.<\/p>\n<p>[\/vc_column_text][\/vc_column_inner][vc_column_inner width=&#8221;1\/4&#8243; css=&#8221;.vc_custom_1631083273336{margin-top: 0px !important;margin-right: -10px !important;margin-left: -10px !important;}&#8221;][vc_column_text css_animation=&#8221;fadeIn&#8221;]<\/p>\n<p style=\"text-align: justify; font-size: 14px; font-family: Roboto;\">En el sitio del Instituto Nacional de Estad\u00edstica y Geograf\u00eda (INEGI), encontraras el Sistema Nacional de Informaci\u00f3n Estad\u00edstica y Geogr\u00e1fica, ya que difunde informaci\u00f3n de M\u00e9xico en cuanto al territorio, los recursos, la poblaci\u00f3n, econom\u00eda, educaci\u00f3n, salud y m\u00e1s. Tambi\u00e9n cuenta con una biblioteca digital en donde pues localizar publicaciones de diversos temas, incluso mapas.<\/p>\n<p>[\/vc_column_text][\/vc_column_inner][vc_column_inner width=&#8221;1\/4&#8243; css=&#8221;.vc_custom_1631083281459{margin-top: -0px !important;margin-right: -10px !important;margin-left: -10px !important;}&#8221;][vc_column_text css_animation=&#8221;fadeIn&#8221; css=&#8221;.vc_custom_1637645042411{margin-top: 0px !important;margin-right: -10px !important;margin-left: -10px !important;}&#8221;]<\/p>\n<p style=\"text-align: justify; font-size: 14px; font-family: Roboto;\">Es el sitio web de la Organizaci\u00f3n Mundial de la Salud. En este espacio podr\u00e1s encontrar temas de inter\u00e9s relacionados con la salud, datos del observatorio mundial de la salud, publicaciones, campa\u00f1as mundiales de salud y m\u00e1s. La consulta la puedes realizar en espa\u00f1ol.<\/p>\n<p>[\/vc_column_text][\/vc_column_inner][\/vc_row_inner][\/vc_column][\/vc_row][\/vc_section][vc_row][vc_column][vc_single_image image=&#8221;1796&#8243; img_size=&#8221;full&#8221; alignment=&#8221;center&#8221; onclick=&#8221;custom_link&#8221; css_animation=&#8221;fadeInDown&#8221; link=&#8221;https:\/\/web.eneo.unam.mx\/index.php\/biblioteca\/acerca-de\/&#8221;][\/vc_column][\/vc_row][vc_row][vc_column][vc_empty_space height=&#8221;100px&#8221;][vc_single_image image=&#8221;5264&#8243; img_size=&#8221;1300&#215;300&#8243; alignment=&#8221;center&#8221;][\/vc_column][\/vc_row]<\/p>\n","protected":false},"excerpt":{"rendered":"<p>[vc_section][vc_row][vc_column][vc_custom_heading text=&#8221;Biblioteca &#8220;Graciela Arroyo de Cordero&#8220;&#8221; font_container=&#8221;tag:h2|text_align:center&#8221; google_fonts=&#8221;font_family:Roboto%3A100%2C100italic%2C300%2C300italic%2Cregular%2Citalic%2C500%2C500italic%2C700%2C700italic%2C900%2C900italic|font_style:500%20bold%20regular%3A500%3Anormal&#8221;][vc_column_text] [\/vc_column_text][\/vc_column][\/vc_row][vc_row][vc_column][vc_empty_space][vc_row_inner][vc_column_inner][vc_column_text]En este espacio puedes acceder a algunas colecciones digitales que se han seleccionado para el \u00e1rea de &hellip; <\/p>\n","protected":false},"author":1,"featured_media":0,"parent":1748,"menu_order":0,"comment_status":"closed","ping_status":"closed","template":"","meta":{"footnotes":""},"class_list":["post-5246","page","type-page","status-publish","hentry","latest_post"],"aioseo_notices":[],"publishpress_future_action":{"enabled":false,"date":"2026-04-23 05:25:47","action":"change-status","newStatus":"draft","terms":[],"taxonomy":"","extraData":[]},"publishpress_future_workflow_manual_trigger":{"enabledWorkflows":[]},"_links":{"self":[{"href":"https:\/\/www.feno.unam.mx\/index.php\/wp-json\/wp\/v2\/pages\/5246","targetHints":{"allow":["GET"]}}],"collection":[{"href":"https:\/\/www.feno.unam.mx\/index.php\/wp-json\/wp\/v2\/pages"}],"about":[{"href":"https:\/\/www.feno.unam.mx\/index.php\/wp-json\/wp\/v2\/types\/page"}],"author":[{"embeddable":true,"href":"https:\/\/www.feno.unam.mx\/index.php\/wp-json\/wp\/v2\/users\/1"}],"replies":[{"embeddable":true,"href":"https:\/\/www.feno.unam.mx\/index.php\/wp-json\/wp\/v2\/comments?post=5246"}],"version-history":[{"count":8,"href":"https:\/\/www.feno.unam.mx\/index.php\/wp-json\/wp\/v2\/pages\/5246\/revisions"}],"predecessor-version":[{"id":5265,"href":"https:\/\/www.feno.unam.mx\/index.php\/wp-json\/wp\/v2\/pages\/5246\/revisions\/5265"}],"up":[{"embeddable":true,"href":"https:\/\/www.feno.unam.mx\/index.php\/wp-json\/wp\/v2\/pages\/1748"}],"wp:attachment":[{"href":"https:\/\/www.feno.unam.mx\/index.php\/wp-json\/wp\/v2\/media?parent=5246"}],"curies":[{"name":"wp","href":"https:\/\/api.w.org\/{rel}","templated":true}]}}