{"id":5088,"date":"2021-11-16T19:05:56","date_gmt":"2021-11-16T19:05:56","guid":{"rendered":"https:\/\/web.eneo.unam.mx\/?page_id=5088"},"modified":"2025-09-05T01:34:06","modified_gmt":"2025-09-05T01:34:06","slug":"seaspa","status":"publish","type":"page","link":"https:\/\/www.feno.unam.mx\/index.php\/seaspa\/","title":{"rendered":"Secretar\u00eda de Asuntos del Personal Acad\u00e9mico"},"content":{"rendered":"<p>[vc_section][vc_row][vc_column][vc_column_text]<\/p>\n<h2 style=\"text-align: center;\"><strong>\u00bfQu\u00e9 es SEASPA?<\/strong><\/h2>\n<p>[\/vc_column_text][vc_empty_space][vc_column_text]<\/p>\n<p style=\"text-align: right;\"><span style=\"color: #999999;\"><em>Palabras relacionadas: Docentes, maestros, profesores, est\u00edmulos, capacitaci\u00f3n docente,\u00a0<\/em><\/span><\/p>\n<p>[\/vc_column_text][\/vc_column][\/vc_row][vc_row][vc_column width=&#8221;2\/3&#8243;][vc_column_text]<\/p>\n<p style=\"text-align: justify; font-size: 18px; font-family: Roboto;\">La Secretar\u00eda de Asuntos del Personal Acad\u00e9mico (SEASPA) es responsable de la gesti\u00f3n de los tr\u00e1mites de Ingreso, Promoci\u00f3n y Permanencia del Personal Acad\u00e9mico en coordinaci\u00f3n con la Secretar\u00eda General FENO y la Direcci\u00f3n de Asuntos del Personal Acad\u00e9mico de la UNAM, con el prop\u00f3sito de coadyuvar al fortalecimiento de la planta acad\u00e9mica.<\/p>\n<p>[\/vc_column_text][\/vc_column][vc_column width=&#8221;1\/3&#8243;][vc_single_image image=&#8221;1978&#8243; img_size=&#8221;medium&#8221;][\/vc_column][\/vc_row][vc_row][vc_column][vc_row_inner][vc_column_inner][vc_column_text]<\/p>\n<p style=\"text-align: justify; font-size: 18px; font-family: Roboto;\">En la gesti\u00f3n de cada uno de los procesos trabaja de manera coordinada con las Secretar\u00edas Acad\u00e9micas de las Divisiones de Estudios Profesionales, Sistema de Universidad Abierta y Educaci\u00f3n a Distancia y la Divisi\u00f3n de Estudios de Posgrado e Investigaci\u00f3n. Respecto de la evaluaci\u00f3n del desempe\u00f1o de los acad\u00e9micos, la SEASPA coordina el trabajo con la Comisi\u00f3n Dictaminadora; la Comisi\u00f3n Evaluadora PRIDE y la Comisi\u00f3n Revisora PRIDE.<\/p>\n<p>[\/vc_column_text][\/vc_column_inner][\/vc_row_inner][\/vc_column][\/vc_row][vc_row][vc_column width=&#8221;1\/2&#8243;][vc_column_text]<\/p>\n<p style=\"text-align: justify; font-size: 18px; font-family: Roboto;\">Tambi\u00e9n es la instancia responsable de instrumentar las convocatorias de los diferentes concursos de oposici\u00f3n abiertos o cerrados en los que participan los acad\u00e9micos para ir avanzando en su carrera docente, por ejemplo: promocionar su categor\u00eda y nivel, obtener la definitividad, ingresar a los programas de est\u00edmulos. Todo ello, en estricto apego a lo establecido en la Legislaci\u00f3n Universitaria particularmente en el Estatutos del Personal Acad\u00e9mico (EPA).<\/p>\n<p style=\"text-align: justify; font-size: 18px; font-family: Roboto;\">Asimismo, la SEASPA es el \u00e1rea responsable del Programa de Profesionalizaci\u00f3n y Actualizaci\u00f3n Docente (ProPAD) a trav\u00e9s del cual se ofertan cursos, talleres, diplomados y estancias acad\u00e9micas cl\u00ednicas, comunitarias y educativas con el fin de brindarle propuestas de formaci\u00f3n y actualizaci\u00f3n disciplinar, did\u00e1ctico-pedag\u00f3gica y otras \u00e1reas sustantivas que contribuyen a la calidad de la formaci\u00f3n de los alumnos de Enfermer\u00eda.<\/p>\n<p>[\/vc_column_text][\/vc_column][vc_column width=&#8221;1\/2&#8243;][vc_single_image image=&#8221;5748&#8243; img_size=&#8221;large&#8221;][\/vc_column][\/vc_row][vc_row][vc_column][vc_column_text]<\/p>\n<h2><strong>Oferta educativa del ProPAD<\/strong><\/h2>\n<p>[\/vc_column_text][vc_column_text]<\/p>\n<p style=\"text-align: justify; font-size: 18px; font-family: Roboto;\">Las SEASPA como responsable del Programa de Profesionalizaci\u00f3n y Actualizaci\u00f3n Docente (ProPAD), organiza y promueve cursos, talleres, diplomados, jornadas de integraci\u00f3n a la carrera acad\u00e9mica para profesores de nuevo ingreso y estancias cl\u00ednicas, comunitarias y educativas a lo largo del a\u00f1o escolar, sin embargo, la oferta se incrementa notoriamente en los periodos intersemestrales lo que favorece la participaci\u00f3n de los profesores.<\/p>\n<h5>Las propuestas de formaci\u00f3n se desarrollan a partir de los siguientes ejes:<\/h5>\n<p>[\/vc_column_text][vc_row_inner][vc_column_inner width=&#8221;1\/4&#8243;][vc_column_text]<\/p>\n<ul>\n<li>\n<h5><span style=\"color: #000080;\">Disciplinar en Enfermer\u00eda<\/span><\/h5>\n<\/li>\n<\/ul>\n<p>[\/vc_column_text][\/vc_column_inner][vc_column_inner width=&#8221;1\/4&#8243;][vc_column_text]<\/p>\n<ul>\n<li>\n<h5><span style=\"color: #000080;\">Apoyo did\u00e1ctico-pedag\u00f3gico y de evaluaci\u00f3n para el aprendizaje<\/span><\/h5>\n<\/li>\n<\/ul>\n<p>[\/vc_column_text][\/vc_column_inner][vc_column_inner width=&#8221;1\/4&#8243;][vc_column_text]<\/p>\n<ul>\n<li>\n<h5><span style=\"color: #000080;\">Bio\u00e9tica y cultura del respeto<\/span><\/h5>\n<\/li>\n<\/ul>\n<p>[\/vc_column_text][\/vc_column_inner][vc_column_inner width=&#8221;1\/4&#8243;][vc_column_text]<\/p>\n<ul>\n<li>\n<h5><span style=\"color: #000080;\">Tecnolog\u00edas para la educaci\u00f3n<\/span><\/h5>\n<\/li>\n<\/ul>\n<p>[\/vc_column_text][\/vc_column_inner][\/vc_row_inner][vc_row_inner][vc_column_inner width=&#8221;1\/4&#8243;][vc_column_text]<\/p>\n<ul>\n<li>\n<h5><span style=\"color: #000080;\">Tutor\u00eda cl\u00ednica y acad\u00e9mica<\/span><\/h5>\n<\/li>\n<\/ul>\n<p>[\/vc_column_text][\/vc_column_inner][vc_column_inner width=&#8221;1\/4&#8243;][vc_column_text]<\/p>\n<ul>\n<li>\n<h5><span style=\"color: #000080;\">Perspectiva de g\u00e9nero<\/span><\/h5>\n<\/li>\n<\/ul>\n<p>[\/vc_column_text][\/vc_column_inner][vc_column_inner width=&#8221;1\/4&#8243;][vc_column_text]<\/p>\n<ul>\n<li>\n<h5><span style=\"color: #000080;\">Idiomas<\/span><\/h5>\n<\/li>\n<\/ul>\n<p>[\/vc_column_text][\/vc_column_inner][vc_column_inner width=&#8221;1\/4&#8243;][vc_column_text]<\/p>\n<ul>\n<li>\n<h5><span style=\"color: #000080;\">Otros<\/span><\/h5>\n<\/li>\n<\/ul>\n<p>[\/vc_column_text][\/vc_column_inner][\/vc_row_inner][\/vc_column][\/vc_row][vc_row][vc_column][vc_empty_space][vc_row_inner][vc_column_inner][vc_column_text]<\/p>\n<p style=\"text-align: justify; font-size: 18px; font-family: Roboto;\">Para llevar a cabo toda la propuesta de formaci\u00f3n la SEASPA trabaja de manera coordinada con el Programa de Actualizaci\u00f3n y Superaci\u00f3n Docente PASD de la DGAPA, con la Direcci\u00f3n General de C\u00f3mputo y Tecnolog\u00edas de Informaci\u00f3n y Comunicaci\u00f3n (DGTIC), con la Coordinaci\u00f3n de Universidad Abierta Innovaci\u00f3n Educativa y Educaci\u00f3n a Distancia (CUAIEED), con la Direcci\u00f3n de Educaci\u00f3n para la Igualdad de la Coordinaci\u00f3n para la Igualdad de G\u00e9nero, UNAM entre otras dependencias universitarias.<\/p>\n<p>[\/vc_column_text][vc_empty_space height=&#8221;100px&#8221;][\/vc_column_inner][\/vc_row_inner][\/vc_column][\/vc_row][vc_row][vc_column][\/vc_column][\/vc_row][vc_row][vc_column][vc_row_inner content_placement=&#8221;middle&#8221;][vc_column_inner width=&#8221;1\/4&#8243;][vc_single_image image=&#8221;1978&#8243; img_size=&#8221;medium&#8221; onclick=&#8221;custom_link&#8221; img_link_target=&#8221;_blank&#8221; link=&#8221;https:\/\/dgapa.unam.mx\/&#8221; el_class=&#8221;hvr-push&#8221;][\/vc_column_inner][vc_column_inner width=&#8221;1\/4&#8243;][vc_single_image image=&#8221;5128&#8243; img_size=&#8221;medium&#8221; onclick=&#8221;custom_link&#8221; img_link_target=&#8221;_blank&#8221; link=&#8221;https:\/\/www.tic.unam.mx\/&#8221; el_class=&#8221;hvr-push&#8221;][\/vc_column_inner][vc_column_inner width=&#8221;1\/4&#8243;][vc_single_image image=&#8221;1985&#8243; img_size=&#8221;medium&#8221; onclick=&#8221;custom_link&#8221; img_link_target=&#8221;_blank&#8221; link=&#8221;https:\/\/cuaieed.unam.mx\/&#8221; el_class=&#8221;hvr-push&#8221;][\/vc_column_inner][vc_column_inner width=&#8221;1\/4&#8243;][vc_single_image image=&#8221;5125&#8243; img_size=&#8221;medium&#8221; onclick=&#8221;custom_link&#8221; img_link_target=&#8221;_blank&#8221; link=&#8221;https:\/\/coordinaciongenero.unam.mx\/&#8221; el_class=&#8221;hvr-push&#8221;][\/vc_column_inner][\/vc_row_inner][\/vc_column][\/vc_row][\/vc_section][vc_row][vc_column][vc_empty_space height=&#8221;100px&#8221;][vc_single_image image=&#8221;5361&#8243; img_size=&#8221;large&#8221; alignment=&#8221;center&#8221;][\/vc_column][\/vc_row]<\/p>\n","protected":false},"excerpt":{"rendered":"<p>[vc_section][vc_row][vc_column][vc_column_text] \u00bfQu\u00e9 es SEASPA? [\/vc_column_text][vc_empty_space][vc_column_text] Palabras relacionadas: Docentes, maestros, profesores, est\u00edmulos, capacitaci\u00f3n docente,\u00a0 [\/vc_column_text][\/vc_column][\/vc_row][vc_row][vc_column width=&#8221;2\/3&#8243;][vc_column_text] La Secretar\u00eda de Asuntos del Personal Acad\u00e9mico (SEASPA) es responsable &hellip; <\/p>\n","protected":false},"author":1,"featured_media":0,"parent":0,"menu_order":0,"comment_status":"closed","ping_status":"closed","template":"","meta":{"footnotes":""},"class_list":["post-5088","page","type-page","status-publish","hentry","latest_post"],"aioseo_notices":[],"publishpress_future_action":{"enabled":false,"date":"2026-05-18 12:19:07","action":"change-status","newStatus":"draft","terms":[],"taxonomy":"","extraData":[]},"publishpress_future_workflow_manual_trigger":{"enabledWorkflows":[]},"_links":{"self":[{"href":"https:\/\/www.feno.unam.mx\/index.php\/wp-json\/wp\/v2\/pages\/5088","targetHints":{"allow":["GET"]}}],"collection":[{"href":"https:\/\/www.feno.unam.mx\/index.php\/wp-json\/wp\/v2\/pages"}],"about":[{"href":"https:\/\/www.feno.unam.mx\/index.php\/wp-json\/wp\/v2\/types\/page"}],"author":[{"embeddable":true,"href":"https:\/\/www.feno.unam.mx\/index.php\/wp-json\/wp\/v2\/users\/1"}],"replies":[{"embeddable":true,"href":"https:\/\/www.feno.unam.mx\/index.php\/wp-json\/wp\/v2\/comments?post=5088"}],"version-history":[{"count":28,"href":"https:\/\/www.feno.unam.mx\/index.php\/wp-json\/wp\/v2\/pages\/5088\/revisions"}],"predecessor-version":[{"id":15491,"href":"https:\/\/www.feno.unam.mx\/index.php\/wp-json\/wp\/v2\/pages\/5088\/revisions\/15491"}],"wp:attachment":[{"href":"https:\/\/www.feno.unam.mx\/index.php\/wp-json\/wp\/v2\/media?parent=5088"}],"curies":[{"name":"wp","href":"https:\/\/api.w.org\/{rel}","templated":true}]}}