{"id":2086,"date":"2021-09-10T21:27:09","date_gmt":"2021-09-10T21:27:09","guid":{"rendered":"https:\/\/web.eneo.unam.mx\/?page_id=2086"},"modified":"2024-04-19T14:46:32","modified_gmt":"2024-04-19T14:46:32","slug":"cultura-fisica-y-deporte","status":"publish","type":"page","link":"https:\/\/www.feno.unam.mx\/index.php\/cultura-fisica-y-deporte\/","title":{"rendered":"Cultura F\u00edsica y Deporte"},"content":{"rendered":"<p>[vc_section][vc_row][vc_column][vc_empty_space][vc_single_image image=&#8221;8724&#8243; img_size=&#8221;full&#8221; alignment=&#8221;center&#8221; onclick=&#8221;custom_link&#8221; css_animation=&#8221;bounceInLeft&#8221; link=&#8221;https:\/\/deporte.unam.mx\/&#8221; el_class=&#8221;hvr-pulse-grow&#8221; css=&#8221;.vc_custom_1677619820972{margin-left: 20px !important;border-left-width: 20px !important;padding-left: 25px !important;}&#8221;][vc_empty_space][vc_images_carousel images=&#8221;2179,2181,2183&#8243; img_size=&#8221;full&#8221; onclick=&#8221;link_no&#8221; mode=&#8221;vertical&#8221; speed=&#8221;3000&#8243; autoplay=&#8221;yes&#8221; wrap=&#8221;yes&#8221; css_animation=&#8221;fadeIn&#8221;][\/vc_column][\/vc_row][\/vc_section][vc_section][vc_row][vc_column][vc_custom_heading text=&#8221;Objetivos:&#8221; font_container=&#8221;tag:h3|text_align:left&#8221; google_fonts=&#8221;font_family:Roboto%3A100%2C100italic%2C300%2C300italic%2Cregular%2Citalic%2C500%2C500italic%2C700%2C700italic%2C900%2C900italic|font_style:400%20regular%3A400%3Anormal&#8221;][vc_empty_space][\/vc_column][\/vc_row][vc_row][vc_column][vc_column_text]<\/p>\n<ul>\n<li style=\"text-align: justify; font-size: 18px; font-family: Roboto;\">Fomentar la participaci\u00f3n de la comunidad de la FENO en la promoci\u00f3n de la actividad f\u00edsica, fomento de h\u00e1bitos saludables y estilos de vida activos.<\/li>\n<li style=\"text-align: justify; font-size: 18px; font-family: Roboto;\">Propiciar la pr\u00e1ctica deportiva como componente de la formaci\u00f3n integral. As\u00ed como contribuir a la formaci\u00f3n integral de los alumnos, haciendo de la cultura deportiva, elementos que favorezcan el desarrollo de valores como la honradez, lealtad, autocuidado, disciplina, superaci\u00f3n personal, trabajo en equipo, respeto y sentido de identidad con su escuela, con su universidad y con su pa\u00eds.<\/li>\n<\/ul>\n<p>[\/vc_column_text][\/vc_column][\/vc_row][vc_row][vc_column][vc_images_carousel images=&#8221;2182,2180&#8243; img_size=&#8221;1200&#215;500&#8243;][\/vc_column][\/vc_row][vc_row][vc_column width=&#8221;1\/2&#8243;][vc_column_text]<strong>Horario:<\/strong> Lunes a viernes 7:00 a 19:00 h<br \/>\nUbicaci\u00f3n: Edificio B, segundo piso<br \/>\nCorreo: <a href=\"mailto:culturafisica@feno.unam.mx\">culturafisica@feno.unam.mx<\/a>[\/vc_column_text][\/vc_column][vc_column width=&#8221;1\/2&#8243;][vc_column_text]<img loading=\"lazy\" decoding=\"async\" class=\"wp-image-2178 alignleft\" src=\"https:\/\/web.eneo.unam.mx\/wp-content\/uploads\/2021\/09\/sorianocarballo.jpeg\" alt=\"\" width=\"147\" height=\"166\" srcset=\"https:\/\/www.feno.unam.mx\/wp-content\/uploads\/2021\/09\/sorianocarballo.jpeg 110w, https:\/\/www.feno.unam.mx\/wp-content\/uploads\/2021\/09\/sorianocarballo-53x60.jpeg 53w\" sizes=\"auto, (max-width: 147px) 100vw, 147px\" \/>Jos\u00e9 Daniel Soriano Carballo<br \/>\nResponsable[\/vc_column_text][\/vc_column][\/vc_row][vc_row][vc_column][vc_row_inner][vc_column_inner][vc_empty_space height=&#8221;100px&#8221;][vc_btn title=&#8221;Micrositio Actividades Deportivas&#8221; color=&#8221;primary&#8221; align=&#8221;center&#8221; link=&#8221;url:https%3A%2F%2Fwww.feno.unam.mx%2Findex.php%2Factdeportivas%2F|title:Actividades%20Deportivas||&#8221;][\/vc_column_inner][\/vc_row_inner][\/vc_column][\/vc_row][\/vc_section][vc_row][vc_column][vc_empty_space height=&#8221;100px&#8221;][vc_single_image image=&#8221;5284&#8243; img_size=&#8221;1300&#215;300&#8243; alignment=&#8221;center&#8221;][\/vc_column][\/vc_row][vc_row][vc_column][vc_column_text][\/vc_column_text][\/vc_column][\/vc_row]<\/p>\n","protected":false},"excerpt":{"rendered":"<p>[vc_section][vc_row][vc_column][vc_empty_space][vc_single_image image=&#8221;8724&#8243; img_size=&#8221;full&#8221; alignment=&#8221;center&#8221; onclick=&#8221;custom_link&#8221; css_animation=&#8221;bounceInLeft&#8221; link=&#8221;https:\/\/deporte.unam.mx\/&#8221; el_class=&#8221;hvr-pulse-grow&#8221; css=&#8221;.vc_custom_1677619820972{margin-left: 20px !important;border-left-width: 20px !important;padding-left: 25px !important;}&#8221;][vc_empty_space][vc_images_carousel images=&#8221;2179,2181,2183&#8243; img_size=&#8221;full&#8221; onclick=&#8221;link_no&#8221; mode=&#8221;vertical&#8221; speed=&#8221;3000&#8243; autoplay=&#8221;yes&#8221; wrap=&#8221;yes&#8221; css_animation=&#8221;fadeIn&#8221;][\/vc_column][\/vc_row][\/vc_section][vc_section][vc_row][vc_column][vc_custom_heading text=&#8221;Objetivos:&#8221; font_container=&#8221;tag:h3|text_align:left&#8221; &hellip; <\/p>\n","protected":false},"author":1,"featured_media":0,"parent":0,"menu_order":0,"comment_status":"closed","ping_status":"closed","template":"","meta":{"footnotes":""},"class_list":["post-2086","page","type-page","status-publish","hentry","latest_post"],"aioseo_notices":[],"publishpress_future_action":{"enabled":false,"date":"2026-04-22 02:59:13","action":"change-status","newStatus":"draft","terms":[],"taxonomy":"","extraData":[]},"publishpress_future_workflow_manual_trigger":{"enabledWorkflows":[]},"_links":{"self":[{"href":"https:\/\/www.feno.unam.mx\/index.php\/wp-json\/wp\/v2\/pages\/2086","targetHints":{"allow":["GET"]}}],"collection":[{"href":"https:\/\/www.feno.unam.mx\/index.php\/wp-json\/wp\/v2\/pages"}],"about":[{"href":"https:\/\/www.feno.unam.mx\/index.php\/wp-json\/wp\/v2\/types\/page"}],"author":[{"embeddable":true,"href":"https:\/\/www.feno.unam.mx\/index.php\/wp-json\/wp\/v2\/users\/1"}],"replies":[{"embeddable":true,"href":"https:\/\/www.feno.unam.mx\/index.php\/wp-json\/wp\/v2\/comments?post=2086"}],"version-history":[{"count":24,"href":"https:\/\/www.feno.unam.mx\/index.php\/wp-json\/wp\/v2\/pages\/2086\/revisions"}],"predecessor-version":[{"id":11964,"href":"https:\/\/www.feno.unam.mx\/index.php\/wp-json\/wp\/v2\/pages\/2086\/revisions\/11964"}],"wp:attachment":[{"href":"https:\/\/www.feno.unam.mx\/index.php\/wp-json\/wp\/v2\/media?parent=2086"}],"curies":[{"name":"wp","href":"https:\/\/api.w.org\/{rel}","templated":true}]}}