{"id":1705,"date":"2021-09-08T03:09:36","date_gmt":"2021-09-08T03:09:36","guid":{"rendered":"https:\/\/web.eneo.unam.mx\/?page_id=1705"},"modified":"2025-11-06T15:47:54","modified_gmt":"2025-11-06T15:47:54","slug":"proceso-de-titulacion","status":"publish","type":"page","link":"https:\/\/www.feno.unam.mx\/index.php\/proceso-de-titulacion\/","title":{"rendered":"Proceso de titulaci\u00f3n"},"content":{"rendered":"<p>[vc_section][vc_row][vc_column][vc_single_image image=&#8221;1706&#8243; img_size=&#8221;full&#8221;][\/vc_column][\/vc_row][\/vc_section][vc_row][vc_column css=&#8221;.vc_custom_1631056090624{margin-right: -100px !important;}&#8221;][vc_column_text]<\/p>\n<p style=\"text-align: justify; font-size: 18px; font-family: Roboto;\">La titulaci\u00f3n es el proceso con el cual se concluye formalmente los estudios profesionales otorgando el grado de licenciatura que\u00a0 haya acreditado todas las asignaturas del plan de estudios respectivo y cumplido satisfactoriamente con alguna de las opciones de titulaci\u00f3n aprobadas por el Consejo T\u00e9cnico de nuestra escuela, junto con el cumplimiento del servicio social ajust\u00e1ndose a lo establecido en la Ley Reglamentaria del art\u00edculo 5\u00b0 Constitucional y en el\u00a0 Reglamento General del Servicio Social de la Universidad.<\/p>\n<p>[\/vc_column_text][vc_row_inner][vc_column_inner width=&#8221;2\/3&#8243;][vc_column_text]<\/p>\n<p style=\"text-align: left; font-size: 18px; font-family: Roboto;\"><strong>Requisitos generales de titulaci\u00f3n<\/strong><\/p>\n<ul>\n<li style=\"text-align: left; font-size: 18px; font-family: Roboto;\">Liberaci\u00f3n de servicio social<\/li>\n<li style=\"text-align: left; font-size: 18px; font-family: Roboto;\">Tener el 100% de los cr\u00e9ditos acad\u00e9micos<\/li>\n<li style=\"text-align: left; font-size: 18px; font-family: Roboto;\">Optar por una opci\u00f3n de titulaci\u00f3n<\/li>\n<li style=\"text-align: left; font-size: 18px; font-family: Roboto;\">Constancia del idioma:<\/li>\n<li style=\"text-align: left; font-size: 18px; font-family: Roboto;\">LEO: Constancia de acreditaci\u00f3n de la comprensi\u00f3n de la comprensi\u00f3n del idioma ingles expedido por el ENALLT o alg\u00fan otro centro de idiomas de la UNAM.<\/li>\n<li style=\"text-align: left; font-size: 18px; font-family: Roboto;\">LE: Constancia de comprensi\u00f3n de un segundo idioma expedido por el ENALLT o alg\u00fan otro centro de idiomas de la UNAM.<\/li>\n<\/ul>\n<p>[\/vc_column_text][\/vc_column_inner][vc_column_inner width=&#8221;1\/3&#8243;][vc_single_image image=&#8221;1709&#8243; img_size=&#8221;full&#8221;][\/vc_column_inner][\/vc_row_inner][\/vc_column][\/vc_row][vc_row][vc_column][vc_btn title=&#8221;GU\u00cdA DE DOCUMENTACI\u00d3N POR OPCI\u00d3N DE TITULACI\u00d3N.&#8221; color=&#8221;primary&#8221; size=&#8221;lg&#8221; align=&#8221;center&#8221; css_animation=&#8221;bounceInDown&#8221; button_block=&#8221;true&#8221; link=&#8221;url:https%3A%2F%2Fwww.feno.unam.mx%2Fwp-content%2Fuploads%2F2025%2F11%2FFENO-GUIA-DOCUMENTOS-POR-OPCION-DE-TITULACION-octubre2025.pdf||target:%20_blank|&#8221;][vc_custom_heading text=&#8221;Opciones de titulaci\u00f3n&#8221; google_fonts=&#8221;font_family:Roboto%3A100%2C100italic%2C300%2C300italic%2Cregular%2Citalic%2C500%2C500italic%2C700%2C700italic%2C900%2C900italic|font_style:500%20bold%20regular%3A500%3Anormal&#8221;][vc_column_text]<strong>TESIS O TESINA Y EXAMEN PROFESIONAL<\/strong><\/p>\n<p>Comprender\u00e1 una tesis individual o grupal o una tesina individual y su r\u00e9plica oral, que deber\u00e1 evaluarse de manera individual. La r\u00e9plica oral se realizar\u00e1 principalmente con base en los contenidos del trabajo de tesis o tesina y el jurado para ex\u00e1menes profesionales se integrar\u00e1 por tres sinodales titulares y dos suplentes.<\/p>\n<p>La tesis consiste en un trabajo escrito referido a una investigaci\u00f3n de campo sobre alg\u00fan problema del \u00e1rea de estudio de la profesi\u00f3n. Requiere claridad y delimitaci\u00f3n en el planteamiento del problema, as\u00ed como sistematicidad y consistencia de los argumentos planteados, fundamentados en fuentes bibliogr\u00e1ficas y en la experiencia del sustentante.<\/p>\n<p>Entendemos por tesina al trabajo escrito sobre un tema directamente relacionado con los objetivos curriculares de la licenciatura, referido a un t\u00f3pico de naturaleza te\u00f3rica dentro de las \u00e1reas del conocimiento principales de la misma.<\/p>\n<p>Para cualquiera de estas opciones podr\u00e1s elegir a un director de tesis que sea avalado por las autoridades correspondientes. Podr\u00e1s titularte hasta en un periodo de doce meses desde el momento del registro del proyecto de investigaci\u00f3n.<\/p>\n<p>&nbsp;<\/p>\n<p><strong>ACTIVIDAD DE INVESTIGACI\u00d3N<\/strong><\/p>\n<p>Podr\u00e1s elegir esta opci\u00f3n si decides incorporarte al menos por un semestre a un proyecto institucional de investigaci\u00f3n institucional de investigaci\u00f3n aprobado por el Comit\u00e9 de investigaci\u00f3n de la FENO.<\/p>\n<p>Requiere presentar un plan de trabajo a desarrollar de forma individual al director de tesis que se elija, profesor de la FENO. Al termino de ello se realizar\u00e1 examen profesional en un plazo no mayor a doce meses a partir de su registro.<\/p>\n<p>&nbsp;<\/p>\n<p><strong>EXAMEN GENERAL DE CONOCIMIENTOS (EPAC)<\/strong><\/p>\n<p>Comprender\u00e1 la aprobaci\u00f3n de un examen escrito que consistir\u00e1 en una exploraci\u00f3n general de los conocimientos que adquiriste durante la licenciatura, de tu capacidad para aplicarlos y de tu criterio profesional. \u00a0Requiere cumplir con los requisitos adicionales que se marquen en la convocatoria correspondiente. Consultar convocatoria en <a href=\"http:\/\/isis.eneo.unam.mx\/epac\/\">http:\/\/isis.eneo.unam.mx\/epac\/<\/a><\/p>\n<p>&nbsp;<\/p>\n<p><strong>TOTALIDAD DE CR\u00c9DITOS Y ALTO NIVEL ACAD\u00c9MICO<\/strong><\/p>\n<p>Podr\u00e1s elegir esta opci\u00f3n si cumples con los siguientes requisitos:<\/p>\n<ul>\n<li>Tener un promedio general m\u00ednimo de 9.5.<\/li>\n<li>No haber obtenido calificaci\u00f3n reprobatoria en ninguna asignatura o m\u00f3dulo.<\/li>\n<li>Contar con el 100% de los cr\u00e9ditos correspondientes al plan de estudios comprobable atrav\u00e9s del historial acad\u00e9mico.<\/li>\n<\/ul>\n<ul>\n<li>Contar con la Carta \u00danica de Liberaci\u00f3n de Servicio Social emitida por la autoridad correspondiente (DGOAE).<\/li>\n<\/ul>\n<p>&nbsp;<\/p>\n<p><strong>PROCESO ATENCI\u00d3N DE ENFERMER\u00cdA<\/strong><\/p>\n<p>Esta opci\u00f3n de titulaci\u00f3n consiste en la realizaci\u00f3n de un proceso atenci\u00f3n de enfermer\u00eda que sea producto de tu experiencia en el \u00e1mbito asistencial o comunitario. En \u00e9ste deber\u00e1n desarrollarse las etapas de valoraci\u00f3n, diagn\u00f3stico, planeaci\u00f3n, ejecuci\u00f3n y evaluaci\u00f3n del cuidado de enfermer\u00eda, as\u00ed como el plan de alta respectivo.<\/p>\n<p>&nbsp;<\/p>\n<p><strong>ACTIVIDAD DE APOYO A LA DOCENCIA<\/strong><\/p>\n<p>Consistir\u00e1 en la elaboraci\u00f3n de material did\u00e1ctico o cr\u00edtica escrita al programa de alguna asignatura o actividad acad\u00e9mica del plan de estudios de licenciatura, o de \u00e9ste en su totalidad. El comit\u00e9 designado deber\u00e1 evaluar el conocimiento que adquiriste durante la licenciatura sobre la materia y efectuar una exploraci\u00f3n general de tus conocimientos, tu capacidad para aplicarlos y tu criterio profesional.<\/p>\n<p>&nbsp;<\/p>\n<p><strong>TRABAJO PROFESIONAL<\/strong><\/p>\n<p>Podr\u00e1s elegir esta opci\u00f3n si durante o al t\u00e9rmino de tus estudios te incorporas al menos por un semestre a una actividad profesional en instituciones p\u00fablicas o privadas. Despu\u00e9s de concluir el periodo correspondiente, presentar\u00e1s un informe escrito en el que demuestres tu dominio de capacidades y competencias profesionales, avalado por escrito por un responsable que est\u00e9 aprobado y registrado para estos fines en la entidad acad\u00e9mica.<\/p>\n<p>La actividad profesional debe realizarse en alguna instituci\u00f3n del sector salud en la que tengas como responsabilidad m\u00ednima la de enfermero general comprobable, o bien, si no te has insertado al mercado laboral y te incorporas a alg\u00fan programa asignado por la Divisi\u00f3n de Estudios Profesionales.<\/p>\n<p><strong>\u00a0<\/strong><\/p>\n<p><strong>ESTUDIOS DE POSGRADO<\/strong><\/p>\n<p>Para elegir esta opci\u00f3n deber\u00e1s ingresar a una especializaci\u00f3n o maestr\u00eda impartida por la UNAM, cumpliendo con los requisitos correspondientes:<\/p>\n<p>&nbsp;<\/p>\n<p><strong>Estudios de especializaci\u00f3n:<\/strong><\/p>\n<p>Los estudios de posgrado en el nivel de especializaci\u00f3n son considerados un proyecto profesional que hace viable complementar y enriquecer la formaci\u00f3n, favoreciendo el crecimiento vertical de los profesionales; ofrece a las enfermeras, una amplia gama de programas que respondan a sus intereses y necesidades laborales, incluyendo propuestas acad\u00e9micas acordes a las necesidades sociales. La FENO a trav\u00e9s de la Divisi\u00f3n de Estudios de Posgrado ha tenido la misi\u00f3n de crear y consolidar los estudios de posgrado que favorezcan el avance disciplinario y profesional de la Enfermer\u00eda.<\/p>\n<p>El Programa \u00fanico de Especializaciones en Enfermer\u00eda en Enfermer\u00eda (PUEE) se integra por 16 planes de estudio de especialidad correspondientes a los campos de conocimiento por orientaci\u00f3n. Cada uno de \u00e9stos est\u00e1 conformado por 10 actividades acad\u00e9micas, de las cuales el alumno debe cursar cinco por semestre. Se trata de planes de estudio con un 78% de carga acad\u00e9mica pr\u00e1ctica, en la que los alumnos se enfrentar\u00e1n a situaciones reales sobre las que deber\u00e1n intervenir en su soluci\u00f3n, donde adem\u00e1s tendr\u00e1n la posibilidad de desarrollar y ejercitar las diversas habilidades y utilizar los conocimientos necesarios para otorgar cuidado especializado.<\/p>\n<p><strong>\u00a0<\/strong>Mas informaci\u00f3n, consulta la siguiente liga: <a href=\"https:\/\/feno.unam.mx\/puee\/posgrado\/especialidades\/\" target=\"_blank\" rel=\"noopener\">https:\/\/feno.unam.mx\/puee\/posgrado\/especialidades\/<\/a><\/p>\n<p>&nbsp;<\/p>\n<p><strong>Estudios de maestr\u00eda:<\/strong><\/p>\n<p>La Maestr\u00eda en Enfermer\u00eda es un posgrado de tiempo completo y alta exigencia, est\u00e1 reconocido como programa consolidado por el SECIHTI. Tiene una duraci\u00f3n de 4 semestres, el plan de estudios est\u00e1 organizado en 3 campos de conocimiento: Teor\u00eda de Enfermer\u00eda, Ciencias de la Salud y Enfermer\u00eda y Ciencias Socio Human\u00edsticas. El alumnado tiene actividades acad\u00e9micas de elecci\u00f3n y temas selectos, algunas de \u00e9stas con talleres, pr\u00e1cticas cl\u00ednicas y de campo, adem\u00e1s se promueve la movilidad estudiantil y la pronta graduaci\u00f3n.<\/p>\n<p>Mas informaci\u00f3n, consulta la siguiente liga: <a href=\"https:\/\/enfermeria.posgrado.unam.mx\/oferta-academica\/descripcion-y-objetivo-del-programa\/\" target=\"_blank\" rel=\"noopener\">https:\/\/enfermeria.posgrado.unam.mx\/oferta-academica\/descripcion-y-objetivo-del-programa\/<\/a><\/p>\n<p>&nbsp;<\/p>\n<p><strong>AMPLIACI\u00d3N Y PROFUNDIZACI\u00d3N DE CONOCIMIENTOS<\/strong><\/p>\n<p>Los diplomados de opci\u00f3n a titulaci\u00f3n favorecen a los egresados de la Licenciatura en Enfermer\u00eda, Licenciatura en Enfermer\u00eda y Obstetricia, Sistema de Universidad Abierta y Educaci\u00f3n a Distancia (SUAyED) de la UNAM. As\u00ed como de escuelas de enfermer\u00eda incorporadas a la UNAM. Se busca fortalecer el conocimiento y desarrollo de habilidades en el cuidado especializado de enfermer\u00eda, con la finalidad de optimizar el tiempo de trayectoria escolar y promover la oportunidad de titulaci\u00f3n de sus egresados, por la ampliaci\u00f3n y profundizaci\u00f3n de conocimientos. Opci\u00f3n de titulaci\u00f3n que ha sido autorizada por el Consejo Universitario.<\/p>\n<p>Mas informaci\u00f3n, consulta la siguiente liga: <a href=\"https:\/\/dec.feno.unam.mx\/#diplomados\" target=\"_blank\" rel=\"noopener\">https:\/\/dec.feno.unam.mx\/#diplomados<\/a><\/p>\n<p>&nbsp;<\/p>\n<p><strong>SERVICIO SOCIAL RURAL<\/strong><\/p>\n<p>Podr\u00e1s realiza el servicio social rural en un programa aprobado por la Divisi\u00f3n de Estudios Profesionales y al final de \u00e9ste elaborar\u00e1s una tesina sobre las actividades realizadas. \u00c9sta ser\u00e1 evaluada con un examen oral ante un jurado.<\/p>\n<p>Deber\u00e1s registrarte en un programa de servicio social rural aprobado por el H. Consejo T\u00e9cnico.<\/p>\n<p>Presentar un informe final de servicio social como requisito adicional para la titulaci\u00f3n.<\/p>\n<p>&nbsp;<\/p>\n<p><strong>SEMINARIO DE TESIS O TESINA<\/strong><\/p>\n<p>Esta opci\u00f3n posibilitar\u00e1 que, dentro de los tiempos curriculares, se incluya una asignatura de Seminario de titulaci\u00f3n y la realizaci\u00f3n del examen profesional.<\/p>\n<p>Deber\u00e1s estar cursando el 7\u00b0 y 8\u00b0 semestre y ser alumno regular hasta el 6\u00b0 semestre. El seminario se cursar\u00e1 en dos semestres con una duraci\u00f3n m\u00ednima de 64 horas curriculares, y estar\u00e1 integrado por un m\u00e1ximo de diez alumnos.[\/vc_column_text][vc_empty_space][\/vc_column][\/vc_row][vc_row][vc_column][vc_row_inner][vc_column_inner][vc_column_text]<\/p>\n<p style=\"text-align: right;\"><a href=\"https:\/\/www.feno.unam.mx\/index.php\/escolares\/formatos-titulacion\/\"><em>Relacionado: Formatos de titulaci\u00f3n enfermer\u00eda<\/em><\/a><\/p>\n<p>[\/vc_column_text][\/vc_column_inner][\/vc_row_inner][vc_empty_space][vc_single_image image=&#8221;5231&#8243; img_size=&#8221;1300&#215;300&#8243; alignment=&#8221;center&#8221;][\/vc_column][\/vc_row]<\/p>\n","protected":false},"excerpt":{"rendered":"<p>[vc_section][vc_row][vc_column][vc_single_image image=&#8221;1706&#8243; img_size=&#8221;full&#8221;][\/vc_column][\/vc_row][\/vc_section][vc_row][vc_column css=&#8221;.vc_custom_1631056090624{margin-right: -100px !important;}&#8221;][vc_column_text] La titulaci\u00f3n es el proceso con el cual se concluye formalmente los estudios profesionales otorgando el grado de licenciatura &hellip; <\/p>\n","protected":false},"author":1,"featured_media":0,"parent":0,"menu_order":0,"comment_status":"closed","ping_status":"closed","template":"","meta":{"footnotes":""},"class_list":["post-1705","page","type-page","status-publish","hentry","latest_post"],"aioseo_notices":[],"publishpress_future_action":{"enabled":false,"date":"2026-05-24 13:09:00","action":"change-status","newStatus":"draft","terms":[],"taxonomy":"","extraData":[]},"publishpress_future_workflow_manual_trigger":{"enabledWorkflows":[]},"_links":{"self":[{"href":"https:\/\/www.feno.unam.mx\/index.php\/wp-json\/wp\/v2\/pages\/1705","targetHints":{"allow":["GET"]}}],"collection":[{"href":"https:\/\/www.feno.unam.mx\/index.php\/wp-json\/wp\/v2\/pages"}],"about":[{"href":"https:\/\/www.feno.unam.mx\/index.php\/wp-json\/wp\/v2\/types\/page"}],"author":[{"embeddable":true,"href":"https:\/\/www.feno.unam.mx\/index.php\/wp-json\/wp\/v2\/users\/1"}],"replies":[{"embeddable":true,"href":"https:\/\/www.feno.unam.mx\/index.php\/wp-json\/wp\/v2\/comments?post=1705"}],"version-history":[{"count":21,"href":"https:\/\/www.feno.unam.mx\/index.php\/wp-json\/wp\/v2\/pages\/1705\/revisions"}],"predecessor-version":[{"id":16135,"href":"https:\/\/www.feno.unam.mx\/index.php\/wp-json\/wp\/v2\/pages\/1705\/revisions\/16135"}],"wp:attachment":[{"href":"https:\/\/www.feno.unam.mx\/index.php\/wp-json\/wp\/v2\/media?parent=1705"}],"curies":[{"name":"wp","href":"https:\/\/api.w.org\/{rel}","templated":true}]}}