{"id":14833,"date":"2025-07-31T18:08:13","date_gmt":"2025-07-31T18:08:13","guid":{"rendered":"https:\/\/www.feno.unam.mx\/?page_id=14833"},"modified":"2025-07-31T18:14:13","modified_gmt":"2025-07-31T18:14:13","slug":"educacion-continua","status":"publish","type":"page","link":"https:\/\/www.feno.unam.mx\/index.php\/educacion-continua\/","title":{"rendered":"Divisi\u00f3n de Educaci\u00f3n Continua y Extensi\u00f3n Universitaria"},"content":{"rendered":"<p>[vc_section][vc_row][vc_column][vc_empty_space][vc_empty_space][\/vc_column][\/vc_row][\/vc_section][vc_section][vc_row][vc_column width=&#8221;2\/3&#8243;][vc_column_text]<\/p>\n<p style=\"text-align: justify; font-size: 18px; font-family: Roboto;\">La Educaci\u00f3n Continua de la FENO, asume el compromiso de ofrecer opciones para la actualizaci\u00f3n profesional de la enfermer\u00eda a nivel nacional, mediante una oferta educativa vigente y en continua innovaci\u00f3n, con el objetivo de que los participantes desarrollen competencias profesionales que los actualice y profundice en alguna \u00e1rea del conocimiento en particular, con la adquisici\u00f3n de habilidades disciplinares y el razonamiento \u00e9tico que gu\u00ede su desempe\u00f1o laboral; con la consecuente contribuci\u00f3n a la salud individual y colectiva que responda a las demandas del cuidado y a los retos del Sistema Nacional de Salud.<\/p>\n<p>[\/vc_column_text][vc_empty_space][\/vc_column][vc_column width=&#8221;1\/3&#8243;][vc_single_image image=&#8221;14836&#8243; img_size=&#8221;large&#8221; css_animation=&#8221;fadeInLeft&#8221;][\/vc_column][\/vc_row][vc_row][vc_column][vc_column_text]<\/p>\n<div class=\"u-heading-v2-3--bottom text-center g-mb-20\">\n<h4 class=\"g-font-weight-400 g-mb-0\">Objetivos<\/h4>\n<p>&nbsp;<\/p>\n<\/div>\n<ul>\n<li>Favorecer a trav\u00e9s de la educaci\u00f3n continua en enfermer\u00eda,la actualizaci\u00f3n profesional, la vinculaci\u00f3n universidad-sociedad-sector productivo, la formaci\u00f3n y actualizaci\u00f3n de sus docentes, as\u00ed como la difusi\u00f3n de las nuevas tecnolog\u00edas y de los conocimientos de punta de la disciplina.<\/li>\n<li>Ampliar los programas de educaci\u00f3n continua conforme a las necesidades de superaci\u00f3n y actualizaci\u00f3n permanente del profesional de enfermer\u00eda.<\/li>\n<li>Promover la realizaci\u00f3n de congresos, seminarios y actividades de intercambio acad\u00e9mico y profesional para la disciplina de enfermer\u00eda.<\/li>\n<li>Propiciar la formaci\u00f3n y actualizaci\u00f3n de los profesores de enfermer\u00eda para mejorar la calidad de su desempe\u00f1o profesional.<\/li>\n<\/ul>\n<p>[\/vc_column_text][vc_btn title=&#8221;Ir a web Educaci\u00f3n Continua y Extensi\u00f3n Universitaria&#8221; color=&#8221;primary&#8221; size=&#8221;lg&#8221; align=&#8221;center&#8221; css_animation=&#8221;bounceInDown&#8221; button_block=&#8221;true&#8221; link=&#8221;url:https%3A%2F%2Fdec.feno.unam.mx%2F|||&#8221;][vc_empty_space][\/vc_column][\/vc_row][\/vc_section]<\/p>\n","protected":false},"excerpt":{"rendered":"<p>[vc_section][vc_row][vc_column][vc_empty_space][vc_empty_space][\/vc_column][\/vc_row][\/vc_section][vc_section][vc_row][vc_column width=&#8221;2\/3&#8243;][vc_column_text] La Educaci\u00f3n Continua de la FENO, asume el compromiso de ofrecer opciones para la actualizaci\u00f3n profesional de la enfermer\u00eda a nivel nacional, mediante &hellip; <\/p>\n","protected":false},"author":1,"featured_media":0,"parent":0,"menu_order":0,"comment_status":"closed","ping_status":"closed","template":"","meta":{"footnotes":""},"class_list":["post-14833","page","type-page","status-publish","hentry","latest_post"],"aioseo_notices":[],"publishpress_future_action":{"enabled":false,"date":"2026-04-22 01:29:22","action":"change-status","newStatus":"draft","terms":[],"taxonomy":"","extraData":[]},"publishpress_future_workflow_manual_trigger":{"enabledWorkflows":[]},"_links":{"self":[{"href":"https:\/\/www.feno.unam.mx\/index.php\/wp-json\/wp\/v2\/pages\/14833","targetHints":{"allow":["GET"]}}],"collection":[{"href":"https:\/\/www.feno.unam.mx\/index.php\/wp-json\/wp\/v2\/pages"}],"about":[{"href":"https:\/\/www.feno.unam.mx\/index.php\/wp-json\/wp\/v2\/types\/page"}],"author":[{"embeddable":true,"href":"https:\/\/www.feno.unam.mx\/index.php\/wp-json\/wp\/v2\/users\/1"}],"replies":[{"embeddable":true,"href":"https:\/\/www.feno.unam.mx\/index.php\/wp-json\/wp\/v2\/comments?post=14833"}],"version-history":[{"count":6,"href":"https:\/\/www.feno.unam.mx\/index.php\/wp-json\/wp\/v2\/pages\/14833\/revisions"}],"predecessor-version":[{"id":14841,"href":"https:\/\/www.feno.unam.mx\/index.php\/wp-json\/wp\/v2\/pages\/14833\/revisions\/14841"}],"wp:attachment":[{"href":"https:\/\/www.feno.unam.mx\/index.php\/wp-json\/wp\/v2\/media?parent=14833"}],"curies":[{"name":"wp","href":"https:\/\/api.w.org\/{rel}","templated":true}]}}