{"id":11082,"date":"2023-12-04T18:58:09","date_gmt":"2023-12-04T18:58:09","guid":{"rendered":"https:\/\/www.feno.unam.mx\/?page_id=11082"},"modified":"2025-03-20T22:14:31","modified_gmt":"2025-03-20T22:14:31","slug":"actividadesculturales","status":"publish","type":"page","link":"https:\/\/www.feno.unam.mx\/index.php\/actividadesculturales\/","title":{"rendered":"Actividades culturales"},"content":{"rendered":"<p>[vc_section][vc_row][vc_column][vc_empty_space][\/vc_column][\/vc_row][vc_row][vc_column][vc_column_text]<\/p>\n<p style=\"text-align: justify; font-size: 18px; font-family: Roboto;\">Las actividades culturales en la Facultad de Enfermer\u00eda se fundamentan en uno de los tres pilares de la unam:<\/p>\n<ul>\n<li>La docencia<\/li>\n<li>La investigaci\u00f3n y<\/li>\n<li>La difusi\u00f3n cultural<\/li>\n<\/ul>\n<p>La enfermer\u00eda est\u00e1 vinculada tanto con la ciencia como con el arte. Es por ello que la promoci\u00f3n de actividades culturales y art\u00edsticas es uno de los atractivos culturales que la FENO ofrece a su comunidad. Por un lado, se invita a participar en agrupaciones de danza regional, \u00e1rabe y baile; estudiantina, teatro y dem\u00e1s, en las que los participantes desarrollan su talento y creatividad. Por el otro, se organizan actividades art\u00edsticas para consumo de la comunidad: conciertos, exposiciones, funciones de cine, danza, teatro, etc.<\/p>\n<p>De particular inter\u00e9s son las conferencias y talleres de promoci\u00f3n de la lectura, ya que \u00e9sta es uno de los ejercicios intelectuales m\u00e1s estimulantes para el ser humano.<\/p>\n<p>Adicionalmente, se promueve entre la comunidad de la FENO , la asistencia a los recintos culturales de la Coordinaci\u00f3n de difusi\u00f3n cultural de la UNAM: Centro Cultural Universitario, Centro universitario Tlatelolco y dem\u00e1s.<\/p>\n<p>Se extiende una cordial invitaci\u00f3n a alumnos, acad\u00e9micos, trabajadores administrativos a ejercer su derecho al uso y disfrute de bienes culturales, una de las tres actividades sustantivas de nuestra M\u00e1xima Casa de Estudios.<\/p>\n<h4>En este espacio aparecen las opciones culturales en nuestra facultad<\/h4>\n<p>[\/vc_column_text][vc_row_inner][vc_column_inner][vc_empty_space][\/vc_column_inner][\/vc_row_inner][\/vc_column][\/vc_row][\/vc_section][vc_section][vc_row][vc_column width=&#8221;1\/2&#8243;][vc_row_inner][vc_column_inner][vc_single_image image=&#8221;12471&#8243; img_size=&#8221;full&#8221; alignment=&#8221;center&#8221; onclick=&#8221;custom_link&#8221; img_link_target=&#8221;_blank&#8221; css_animation=&#8221;flipInY&#8221; el_class=&#8221;hvr-float-shadow&#8221; link=&#8221;https:\/\/www.feno.unam.mx\/wp-content\/uploads\/2025\/03\/coroFENO_2025.pdf&#8221;][vc_empty_space][\/vc_column_inner][\/vc_row_inner][\/vc_column][vc_column width=&#8221;1\/2&#8243;][vc_row_inner][vc_column_inner][vc_single_image image=&#8221;11093&#8243; img_size=&#8221;full&#8221; alignment=&#8221;center&#8221; onclick=&#8221;link_image&#8221; css_animation=&#8221;flipInY&#8221; el_class=&#8221;hvr-float-shadow&#8221;][vc_empty_space][\/vc_column_inner][\/vc_row_inner][\/vc_column][\/vc_row][\/vc_section]<\/p>\n","protected":false},"excerpt":{"rendered":"<p>[vc_section][vc_row][vc_column][vc_empty_space][\/vc_column][\/vc_row][vc_row][vc_column][vc_column_text] Las actividades culturales en la Facultad de Enfermer\u00eda se fundamentan en uno de los tres pilares de la unam: La docencia La investigaci\u00f3n y &hellip; <\/p>\n","protected":false},"author":1,"featured_media":0,"parent":0,"menu_order":0,"comment_status":"closed","ping_status":"closed","template":"","meta":{"footnotes":""},"class_list":["post-11082","page","type-page","status-publish","hentry","latest_post"],"aioseo_notices":[],"publishpress_future_action":{"enabled":false,"date":"2026-05-23 03:18:24","action":"change-status","newStatus":"draft","terms":[],"taxonomy":"","extraData":[]},"publishpress_future_workflow_manual_trigger":{"enabledWorkflows":[]},"_links":{"self":[{"href":"https:\/\/www.feno.unam.mx\/index.php\/wp-json\/wp\/v2\/pages\/11082","targetHints":{"allow":["GET"]}}],"collection":[{"href":"https:\/\/www.feno.unam.mx\/index.php\/wp-json\/wp\/v2\/pages"}],"about":[{"href":"https:\/\/www.feno.unam.mx\/index.php\/wp-json\/wp\/v2\/types\/page"}],"author":[{"embeddable":true,"href":"https:\/\/www.feno.unam.mx\/index.php\/wp-json\/wp\/v2\/users\/1"}],"replies":[{"embeddable":true,"href":"https:\/\/www.feno.unam.mx\/index.php\/wp-json\/wp\/v2\/comments?post=11082"}],"version-history":[{"count":11,"href":"https:\/\/www.feno.unam.mx\/index.php\/wp-json\/wp\/v2\/pages\/11082\/revisions"}],"predecessor-version":[{"id":14151,"href":"https:\/\/www.feno.unam.mx\/index.php\/wp-json\/wp\/v2\/pages\/11082\/revisions\/14151"}],"wp:attachment":[{"href":"https:\/\/www.feno.unam.mx\/index.php\/wp-json\/wp\/v2\/media?parent=11082"}],"curies":[{"name":"wp","href":"https:\/\/api.w.org\/{rel}","templated":true}]}}